st the prime factors of (-4 + 15/f)/1*329.
7, 47
Suppose -63*i + 1429064 = 119*i. What are the prime factors of i?
2, 13, 151
Let u(b) = b**2 - 17*b - 14. Let t be u(18). Suppose 3*q - q = -3*l + 21, 0 = q - t*l + 6. Suppose -q*g + 61 = -53. What are the prime factors of g?
19
Suppose g + 28 = 30, -2*j = -5*g - 1420. List the prime factors of j.
5, 11, 13
Let s(l) = -4*l + 19. Let k be s(7). List the prime factors of 2878/(9 + k + 2).
1439
Let n = 480 + -479. Suppose 4*c + 0*c - 2*x - 3582 = 0, x = -n. List the prime factors of c.
5, 179
Suppose -2*c - 18 = c. Let d be ((-9)/(-6))/(c/(-28)). Suppose -70 = -d*b + 6*b. List the prime factors of b.
2, 5, 7
Suppose 0 = -352*c + 351*c + 34900. List the prime factors of c.
2, 5, 349
Suppose 4723*d + 1055705 = 4754*d. List the prime factors of d.
5, 7, 139
Let p(q) = 16867*q**2 - q. List the prime factors of p(-2).
2, 3, 5, 13, 173
Suppose -285*x + 622325 = -230*x. What are the prime factors of x?
5, 31, 73
Let n(g) = g**3 + g**2 + g + 164. Let s = 60 - 60. Let y be n(s). Suppose -y = 3*q - 7*q. List the prime factors of q.
41
Suppose 8*l + 24 = 12*l. What are the prime factors of 444 - (l + 2) - -4?
2, 5, 11
Let g(t) = 12*t + 5 + 18*t**3 - 3*t**3 + 10*t**2 - 14*t**3. Let x be g(-4). Suppose -h + 5*w = -2, 2*h + w = 6 + x. List the prime factors of h.
3
Let b(u) = -50*u**3 + 5*u**2 + 13*u + 69. What are the prime factors of b(-5)?
6379
Suppose -6*f - 22820 = -41*f. Suppose 2630 = -f*q + 662*q. What are the prime factors of q?
263
Suppose x - 936 = -8*x. Let v = x + -29. Suppose r = -2*u + v, 147 = 3*u + r + 35. What are the prime factors of u?
37
Let r = -329 + 331. Suppose 0 = 3*n - r*u - 3469, 0*n + 2*u = -n + 1167. What are the prime factors of n?
19, 61
Suppose -4186 = -3*j - 820. List the prime factors of j.
2, 3, 11, 17
Suppose 6*v + 5*t + 63 = 4*v, 33 = -v - t. Let d = -29 - v. Suppose -d*c - 172 = -422. List the prime factors of c.
2, 5
Let p(n) = -72*n + 20. Let i(b) = 7*b + 67. Let a be i(-10). List the prime factors of p(a).
2, 59
Suppose 0 = 2*a - 4*q - 9458, -1693*a + 3*q - 4699 = -1694*a. What are the prime factors of a?
53, 89
Let g(v) = -2 - 6 - 9*v + 0 + v**2. Let p be g(10). Suppose -4*r - j + 32 = 2*j, 0 = -5*r + p*j + 17. List the prime factors of r.
5
Let k be 1/3 - (-552)/72. Suppose -k*x - 8 = 16. List the prime factors of ((-143)/x - -1)*(18 - 15).
2, 73
Let g(h) = 53*h**2 - h - 5. Let a be g(-6). Suppose 8*l = 2091 + a. What are the prime factors of l?
2, 5
Suppose 6*b - 515 + 101 = 0. Suppose 1064 = b*x - 67*x. List the prime factors of x.
2, 7, 19
Let w = 11246 - 10545. What are the prime factors of w?
701
Suppose 5*f - 99785 = -2*y - 39733, -4*y - 4*f = -120128. List the prime factors of y.
2, 3, 2503
Suppose 5*t = -0*t + 100. Suppose -5*r + t = -n, 5*n = -r + 1 + 3. What are the prime factors of (-2 - -142)*r/10?
2, 7
Let m = 75 + -71. Suppose -n - f + 6 = 0, -m*n + 0*n + 8 = -4*f. Suppose n*u - 380 = -0*u. List the prime factors of u.
5, 19
Let f(l) = -6*l**3 + 163*l**2 - 41*l + 43. List the prime factors of f(18).
5, 137
Let l be 1 - 4 - (-27)/(15 - 6). Suppose -u + 11*u - 480 = l. List the prime factors of u.
2, 3
Let c(p) = -p**2 - 13*p - 19. Let w be c(-3). Suppose 0 = 6*y - w*y + 4530. What are the prime factors of y?
2, 3, 151
Suppose -g - 5*k = 9, -2*g + 5*k - k + 24 = 0. Suppose g*q - 10 = 4*q. Suppose -a - 4 = -0*a, 0 = q*t + 2*a - 582. What are the prime factors of t?
2, 59
Let n(c) = -c**3 - 8*c**2 + 19*c - 6. Let w be n(-10). Suppose -503 = -w*f - 3*i + 893, -2*f = 4*i - 708. What are the prime factors of f?
2, 173
Suppose 3*q - 5*i - 5719 = 0, 3*q - 745 - 4984 = -5*i. Suppose -2*p = -3*d - 7*p + q, 4*d + 3*p - 2555 = 0. What are the prime factors of d?
641
Suppose -33*q + 28*q = 4*l - 290255, -3*q = 3*l - 174150. What are the prime factors of q?
5, 17, 683
What are the prime factors of (-4 - (9 - 7)) + 4 + (-3548)/(-4)?
3, 5, 59
Let x = -35831 + 68724. What are the prime factors of x?
7, 37, 127
Let k(r) = r**2 - 8*r - 9. Let x be k(9). Let w be (-3)/(-6)*(x + 0). Suppose w = 4*h - 65 - 163. List the prime factors of h.
3, 19
Let v be ((-2)/(-6) - 2) + (-1976)/24. What are the prime factors of (-1 - 2 - 46)*360/v?
2, 3, 5, 7
Let l = 14654 - 3618. What are the prime factors of l?
2, 31, 89
Let h(s) = -39*s**3 + 2 - 23*s**3 - 1 + s**2 + 4. Let v be h(2). Let k = -235 - v. List the prime factors of k.
2, 3, 7
Suppose -3*g + 5*a = 7 - 24, 3*a = -3. Let h = 336 + g. What are the prime factors of h?
2, 5, 17
Let m = -23 - -26. What are the prime factors of (21/m)/(8/104)?
7, 13
What are the prime factors of (1736/32)/((-17)/(-2516))?
7, 31, 37
Suppose -4*b + 3*b = -3*b. Suppose b = -17*v + 22*v - 95. Suppose -24*x = -v*x - 560. What are the prime factors of x?
2, 7
Let y = -9043 - -14642. List the prime factors of y.
11, 509
Let q = 2466 + 9780. What are the prime factors of q?
2, 3, 13, 157
Let a(y) = 327*y - 7. Let i(k) = -327*k + 6. Let d(q) = -4*a(q) - 3*i(q). List the prime factors of d(-1).
337
Let x(l) = -7*l**3 - 11*l**2 - 76*l - 22. What are the prime factors of x(-8)?
2, 1733
Let z(f) = -1031*f**3 - f**2 + 11*f + 12. Suppose 0*y + 3*w = 3*y + 15, -3*w + 9 = 3*y. List the prime factors of z(y).
1031
Let u(i) = 344*i - 422. List the prime factors of u(3).
2, 5, 61
Suppose 15*g = 12*g + 543. Suppose g*v = 185*v - 2628. List the prime factors of v.
3, 73
Let o = -8 - -13. Let d(z) = -28 + 16 + z - 1 + 13*z + 23. What are the prime factors of d(o)?
2, 5
Let k(r) be the second derivative of r**5/20 + 5*r**4/4 - 3*r**3 - 12*r**2 - 6*r. Let j be k(-16). Let z = j - -6. List the prime factors of z.
2, 7
Let y(x) = 94*x - 928. List the prime factors of y(47).
2, 5, 349
Let h(v) = -1. Let r(m) = m**3 + 11*m**2 - 23*m - 25. Let z(k) = -h(k) + r(k). List the prime factors of z(-12).
2, 3
Suppose 2*u - 3*h - 12 = 0, -u + 0*h + 5 = -h. Suppose -u*j = 3*p + p + 22, 0 = 3*j - 2*p - 2. List the prime factors of (-10)/16*j*1*124.
5, 31
What are the prime factors of (20/15)/(((-2)/(-27))/(72 - -2))?
2, 3, 37
Let j = 55 + -57. Let a be (0 - j/(-4))/((-5)/270). Let v = a - -18. What are the prime factors of v?
3, 5
Suppose -3*c = -4*v + 14, -3*c + 4*v = v + 9. Suppose 0 = 5*f - c*f - 1110. What are the prime factors of f?
2, 5, 37
Let p(l) = 2*l**3 + 18*l**2 - 5. Let y(j) = -j**3 - 17*j**2 + j + 4. Let t(s) = -2*p(s) - 3*y(s). Let n be t(6). Let c = 426 - n. List the prime factors of c.
2, 61
Let m(j) = -2724*j - 1. Let k be m(-2). Suppose -p + 14*p = k. List the prime factors of p.
419
Suppose 3*z - 4*n = -0 - 1, 2*n + 4 = 0. Let b(k) = -k + 1. Let a be b(z). Suppose 4*g + 42 = 2*h - 0*h, -4*g = -a*h + 76. What are the prime factors of h?
17
List the prime factors of 9 + (1567 - 5 - 1).
2, 5, 157
Let c be (3 - -1)*15/12. Suppose c*o - 3620 = -0*o. Suppose -2*n = 5*k - n - o, 3*k - 431 = -4*n. List the prime factors of k.
5, 29
Let q(y) = 30*y**2 - 4*y - 90 + 31*y**2 + 97. Let b be q(4). Suppose 132 - b = -5*t. List the prime factors of t.
167
Let p = 392 - -41. Let k = p - 155. What are the prime factors of k?
2, 139
Let g(l) = -49*l**3 - 5*l**2 - 4*l - 4. Let s(p) = -49*p**3 - 7*p**2 - 4*p - 4. Let f(o) = 4*g(o) - 3*s(o). What are the prime factors of f(-2)?
2, 5
Suppose -5*c + 1 + 4 = 5*h, 11 = -c + 5*h. Let x(u) = -24*u**2 + 3*u + 2. Let i(w) = w**2 - w. Let s(a) = -4*i(a) - x(a). What are the prime factors of s(c)?
17
List the prime factors of ((-12559)/(-57))/(-3 + (-74)/(-24)).
2, 661
Let z(j) = -10*j + 4. Let o be z(0). What are the prime factors of 3312/(10 + -8) - (o + -1)?
3, 19, 29
Let i = -58 - -108. Let f = -44 + i. Suppose f*o + 168 = 9*o. What are the prime factors of o?
2, 7
Let m(g) = -g**2 + 38*g + 3. Let f be m(38). What are the prime factors of f - -1611 - (28 - 3)/(-5)?
1619
Suppose 24*a - 187055 - 14144 = 196625. List the prime factors of a.
2, 7, 37
Let a = -25 + 29. Suppose -189 = -5*l + 4*u + 537, 4*l - 584 = a*u. What are the prime factors of l?
2, 71
Let x(q) = 1406*q**2 + 73*q - 221. List the prime factors of x(3).
2, 3163
Let m = -4904 + 13680. List the prime factors of m.
2, 1097
Let x(f) = -f**3 + 3*f**2 + f - 1. Let b be x(1). Let t be b/(-7) - 7394/(-7). Suppose 5*i = 9*i - t. List the prime factors of i.
2, 3, 11
Suppose 4*v = 3*v + 2. 